base 6) to base 12
22815
280733 (base 9) to base 6
3400303
What is 1003411 (base 5) in base 14?
5c26
-20857a (base 11) to base 9
-557351
What is -2131102011 (base 4) in base 15?
-cad39
-316370 (base 8) to base 2
-11001110011111000
What is -1843926 (base 10) in base 11?
-104a407
Convert 32133010 (base 4) to base 13.
21010
80ac97 (base 16) to base 13
1993423
What is -212020102211120 (base 3) in base 9?
-25212746
2572440 (base 8) to base 11
45058a
What is 35320335 (base 6) in base 3?
2001211201212
3c72a (base 15) to base 7
1435366
Convert 12120001021 (base 3) to base 16.
1ab48
Convert 20222100120 (base 4) to base 2.
1000101010010000011000
-a30715 (base 11) to base 10
-1655296
Convert -1631512 (base 7) to base 15.
-470b1
What is 1b160 (base 14) in base 11?
47829
What is 1013332 (base 6) in base 14?
13a88
What is 110010011100100110000 (base 2) in base 14?
3105c4
What is 1847704 (base 9) in base 7?
11542453
What is -1854381 (base 12) in base 2?
-10011011010001000010001
What is 11945634 (base 10) in base 9?
24426286
What is 11102232 (base 5) in base 12?
482b4
What is -156d62 (base 15) in base 10?
-1035767
Convert 34b6 (base 15) to base 10.
11196
What is 22536 (base 7) in base 16?
1680
f8ba9 (base 16) to base 10
1018793
Convert -121151 (base 6) to base 8.
-24633
Convert -10309 (base 12) to base 13.
-9840
-16185 (base 11) to base 8
-54471
What is -42236626 (base 7) in base 9?
-6644681
What is 101110100100111100 (base 2) in base 14?
4d752
Convert 100101011001101110111 (base 2) to base 8.
4531567
Convert -10b19a (base 13) to base 16.
-609ec
What is -114103210 (base 5) in base 15?
-a86da
-61c324 (base 13) to base 14
-436112
Convert 2121010112 (base 3) to base 2.
1100011110110101
Convert 8cbbe (base 15) to base 9.
752668
Convert 1a379 (base 12) to base 9.
57773
Convert 12120112221 (base 3) to base 12.
53621
Convert 500375 (base 9) to base 16.
48284
What is -21907 (base 13) in base 6?
-1145411
-13033023330 (base 4) to base 9
-3511433
318a7 (base 15) to base 16
26617
What is -12022002201002 (base 3) in base 7?
-32640533
Convert 334610 (base 9) to base 14.
52d8d
247882 (base 10) to base 5
30413012
Convert -22100001220100 (base 3) to base 11.
-2556409
Convert 333320133 (base 4) to base 14.
6b503
11a786 (base 12) to base 5
33203313
Convert -1112022020010 (base 3) to base 14.
-1723d6
-2564616 (base 10) to base 14
-4aa8ac
What is -3614b5 (base 14) in base 2?
-111000011000101100111
-95261 (base 11) to base 12
-68351
-2767371 (base 8) to base 13
-214c86
a71a16 (base 13) to base 5
2000314023
Convert 332232223 (base 4) to base 3.
111001110021
-1062182 (base 15) to base 3
-211000111101212
What is -4538508 (base 9) in base 3?
-11121022120022
1103113113 (base 6) to base 10
11907045
625664 (base 7) to base 14
2b36b
152b9 (base 13) to base 4
21301210
-90640 (base 10) to base 9
-147301
-2990d4 (base 16) to base 4
-22121003110
Convert -140424122 (base 5) to base 12.
-2a7204
138525 (base 13) to base 16
74124
What is 22110202200202 (base 3) in base 2?
10001001011010100011010
-1926630 (base 10) to base 11
-10a6562
a7d67 (base 15) to base 7
4346431
-7317173 (base 8) to base 2
-111011001111001111011
What is -2202001222 (base 3) in base 11?
-37630
What is -1351e7 (base 16) in base 4?
-10311013213
Convert -1111000010111000000001 (base 2) to base 9.
-7371052
What is 4134421 (base 6) in base 9?
333354
What is 404549a (base 11) in base 3?
111110100202222
107779 (base 14) to base 7
4514212
-2e02d (base 16) to base 14
-4c977
What is -49223 (base 11) in base 3?
-10121010121
-9461 (base 12) to base 10
-16201
2157200 (base 9) to base 14
222a53
Convert bc2a7 (base 13) to base 14.
8c3bc
What is -2100404122 (base 5) in base 8?
-20341630
What is -135510 (base 8) in base 5?
-3013234
460464 (base 7) to base 8
237724
What is -2184811 (base 9) in base 13?
-32324b
-9137ac (base 15) to base 13
-15762ab
1618879 (base 10) to base 12
660a27
Convert -163418 (base 9) to base 8.
-305117
Convert -10110001001001010 (base 2) to base 15.
-1bd18
What is b571 (base 14) in base 11?
21541
Convert 123ec (base 15) to base 8.
161640
What is -976619 (base 10) in base 16?
-ee6eb
Convert 83387 (base 14) to base 6.
10440111
Convert -2311312111 (base 4) to base 3.
-1101211202011
What is -1100110000110110101 (base 2) in base 13?
-118496
Convert -22033330013 (base 4) to base 2.
-1010001111111100000111
Convert -22110122111222 (base 3) to base 13.
-c1761b
What is 9922 (base 14) in base 3?
1100100010
-616581 (base 9) to base 10
-365707
Convert 1024305454 (base 6) to base 7.
161133043
2112211011 (base 3) to base 16
c3fa
-5a39 (base 15) to base 4
-10223223
-f050 (base 16) to base 6
-1152452
Convert 10012121100002 (base 3) to base 12.
6a259b
1d79c (base 14) to base 2
10010011101001110
Convert -36620 (base 13) to base 10.
-99905
10100010110011010011 (base 2) to base 16
a2cd3
What is -117473 (base 8) in base 14?
-10bd9
What is 10110111011110001100100 (base 2) in base 4?
112323301210
Convert -57728 (base 12) to base 14.
-30800
Convert -1443114241 (base 5) to base 16.
-3b3199
What is 31756573 (base 8) in base 5?
3220310112
Convert -100245405 (base 7) to base 15.
-79b6e0
230333131 (base 4) to base 11
116502
1121041 (base 6) to base 11
3a02a
What is -2e2dd (base 15) in base 6?
-3110314
-25210553 (base 6) to base 10
-810213
Convert 88850 (base 10) to base 16.
15b12
What is 720102 (base 8) in base 10?
237634
222000011 (base 4) to base 11
108288
What is 111001010111000110011010 (base 2) in base 12?
5051a4a
What is -1b8c95 (base 13) in base 12?
-2a011a
Convert a043a9 (base 12) to base 11.
1455143
What is 37d1a2 (base 16) in base 4?
31331012202
What is 203200030212 (base 4) in base 11?
5287475
What is -349172 (base 10) in base 12?
-14a098
-1000011011110001101110 (base 2) to base 3
-11011022211011
What is -1301022 (base 6) in base 5?
-4221324
-1011010110111011101100 (base 2) to base 11
-1754063
What is -38292 (base 14) in base 4?
-201213320
1113103122 (base 4) to base 13
c69c3
What is -2a55ba (base 13) in base 3?
-1221211212011
What is -6410443 (base 9) in base 4?
-31011311112
What is -306523 (base 9) in base 7?
-1355313
Convert -21420010 (base 6) to base 14.
-12946a
What is -c4c20 (base 13) in base 3?
-122222000100
Convert 1628dd (base 16) to base 10.
1452253
Convert 1b15725 (base 12) to base 11.
327a7aa
What is -22202001010 (base 3) in base 6?
-3404350
What is 2341043 (base 5) in base 8?
124411
Convert 1002210212 (base 3) to base 9.
32725
Convert -a03680 (base 14) to base 5.
-2334402020
What is -765045 (base 9) in base 5?
-104101040
-140024022 (base 5) to base 16
-ac177
34fdc (base 16) to base 12
a5738
What is -31323011 (base 5) in base 3?
-111021000220
What is 10011100101100101 (base 2) in base 4?
103211211
-2231111001 (base 4) to base 13
-1bb1ba
Convert -848b8e (base 16) to base 15.
-b68b88
-111010100010010111111 (base 2) to base 14
-37d063
Convert 57335 (base 16) to base 12.
152845
8c912 (base 15) to base 8
1552066
Convert -2644a (base 15) to base 12.
-5aa5a
Convert -431302 (base 12) to base 7.
-12002333
What is -728867 (base 10) in base 8?
-2617443
130284 (base 9) to base 5
10011340
What is 26046 (base 7) in base 16?
1aee
Convert -73002 (base 11) to base 13.
-3960c
Convert 451354 (base 6) to base 11.
26563
Convert 703c12 (base 16) to base 6.
421352454
What is -472b45 (base 13) in base 9?
-3157153
725762 (base 8) to base 3
110020002002
What is 141502233 (base 7) in base 16?
8d5199
What is 12e331 (base 15) in base 13?
25a740
1000110000111110 (base 2) to base 11
24a79
Convert -14b322 (base 16) to base 10.
-1356578
Convert -43120121 (base 5) to base 11.
-229355
Convert 42461 (base 11) to base 9.
103661
Convert 5344316 (base 9) to base 2.
1010111011001010011010
Convert 28af (base 16) to base 11.
7909
-3687a5 (base 12) to base 4
-3120101231
-1452144 (base 6) to base 4
-110230000
What is -515a8 (base 14) in base 6?
-4111104
What is -111112001 (base 3) in base 2?
-10011010000000
1010101111111110 (base 2) to base 13
1706c
Convert -650263 (base 7) to base 15.
-2372a
-86334 (base 9) to base 10
-57136
-460063 (base 8) to base 16
-26033
What is -142156 (base 8) in base 13?
-19b72
Convert 12110110112220 (base 3) to base 6.
142113423
Convert 111110110011011100 (base 2) to base 9.
431776
What is -c8203 (base 14) in base 16?
-7600b
What is -1395